pose -4*s + 62 + 58 = g. Calculate the remainder when s is divided by 18.
12
Let k(y) = y**3 + 8*y**2 - 6*y + 4. Calculate the remainder when k(-7) is divided by 24.
23
Let q(a) = -a**2 + 20*a - 75. What is the remainder when 157 is divided by q(7)?
13
Let w(u) = u**3 + u**2 - 21*u. Calculate the remainder when 153 is divided by w(-5).
3
Suppose 0 = -s + 5*v - 15, 2*s + 18 = v + 3*v. Calculate the remainder when 93 is divided by 3 - (220/s + 0/2).
46
What is the remainder when (-6)/3 - -88 - (-33 + 29) is divided by 50?
40
Let w = -45 + 55. Let y = 8 - 5. Suppose -3*d - 3 = 0, -2*s - d + 56 = -y*d. Calculate the remainder when s is divided by w.
7
Let l(h) = -10*h**3 - h**2 + 2*h + 3. Let m be l(-1). Let r = m - -7. What is the remainder when 64 is divided by r?
13
Let q(t) = t**3 - 2*t**2 + 4*t - 5. Let v be q(2). Suppose -4*c = 3*d - 158, -5 = -4*c + v*c. Calculate the remainder when d is divided by 8.
6
Let t(s) = -56*s + 10. Let x be t(-3). Let b = x + -59. Calculate the remainder when b is divided by 24.
23
Let s(y) = 3*y**2 - 124*y - 18. Calculate the remainder when 305 is divided by s(42).
41
Suppose -2*s - 17 = -5*n, 4*n - 4*s = 5*n - 21. Suppose n*w = -5*a + 14 + 46, -w + 3*a = -4. What is the remainder when 37 is divided by w?
7
Let q(d) = -d + 70. Let k be q(11). Let w = k - 50. What is the remainder when (-2 - 8/(-3))*51 is divided by w?
7
What is the remainder when (-71952)/(-120) - 10/(-25) is divided by 86?
84
Suppose 0 = -0*c - 2*c - 4. Let f = 42 - c. Calculate the remainder when f is divided by (26 + -29)*(-23)/3.
21
Let w(m) = 6*m - 6. Let r be w(3). Let o(g) = 4 - g**2 - r + 4*g + 11*g. What is the remainder when o(12) is divided by 15?
13
Suppose -111*z = -17*z - 2256. What is the remainder when 692 is divided by z?
20
Let y(f) = 18*f + 1. Let k be y(1). Suppose 6*c = k + 29. Calculate the remainder when 38 is divided by c.
6
Let s be ((-3)/(-9))/(2/(-18)). Let o = 34 + s. Suppose -5 - 3 = -z. Calculate the remainder when o is divided by z.
7
Let x = -117 - -117. Suppose x*f - 5*d - 80 = -4*f, 4 = -d. What is the remainder when f is divided by 9?
6
Suppose -3*h - 5*s + 55 = 0, 3*h - s = 4*h - 21. Suppose 3*y - 45 = 3*o - 4*o, 5*y - h = 0. What is the remainder when o is divided by 8?
6
Suppose 3*d = 5*y + 54, 7*y - 10*y = -2*d + 37. Calculate the remainder when d is divided by 7.
2
Let i = -759 + 815. What is the remainder when i is divided by 31?
25
Let g = 39 - -31. Suppose 0*w + g = 2*w. Suppose 2*m - w = -t - 2*m, -5*t + 111 = 4*m. Calculate the remainder when 54 is divided by t.
16
Let t = 1994 - 1919. Calculate the remainder when t is divided by 22.
9
Let x(k) = -k**3 + 6*k**2 - 9*k + 63. Calculate the remainder when 160 is divided by x(5).
31
Suppose -47*h = -59*h + 240. Calculate the remainder when 192 is divided by h.
12
Suppose -741 = -4*u + w, -5*u + w - 4*w = -905. Calculate the remainder when u is divided by 62.
60
Let a = 98 + -51. Suppose -6*g + 35 = -g. What is the remainder when a is divided by g?
5
Let q(t) = 4*t - 1. Suppose 3*c + 6 = 5*c. Suppose c*a = -f - 2, 4*a = 6*a + 4. What is the remainder when q(4) is divided by f?
3
Let l(m) be the second derivative of -m**4/12 + 3*m**3/2 + m**2 - 32*m. Calculate the remainder when 217 is divided by l(5).
19
Let a = -182 - -204. What is the remainder when 50 is divided by a?
6
Suppose -162 = -4*r + 218. Calculate the remainder when r is divided by (108/15)/(5 + (-141)/30).
23
What is the remainder when 86 is divided by -4*7/56 + 31/2?
11
Let m be 4 - ((-4 - -2) + -3). Suppose o + m - 17 = 0. Calculate the remainder when 29 is divided by o.
5
Suppose 0 = u + 6*u - 28. Suppose 2*d - 5*n + 8 = 0, d - 4*n + 34 = u*d. What is the remainder when 14 is divided by d?
2
Let n(b) = 17*b**2 - b - 1. Suppose a - 3*a - 4*i + 50 = 0, 3*i - 9 = 0. Let g = a + 27. What is the remainder when g is divided by n(-1)?
12
Let a(k) = k**3 + 7*k**2 - 8*k + 3. Let s be a(-8). Suppose 6 = g - s*g. Calculate the remainder when 11 - (5 + g/1) is divided by 5.
4
Let v(l) = -2*l - 15. Let s(a) = -a. Let n(h) = -6*s(h) + v(h). Calculate the remainder when n(6) is divided by 3.
0
Let i be 56/(-28)*(-27)/2. Suppose -3*n = -f - 0*n + 62, f + 4*n = i. Calculate the remainder when f is divided by 25.
22
Calculate the remainder when 68 is divided by (-99)/(-7) - (3 - 160/56).
12
Let y(j) = -6*j**3 - j**2 + j - 1. What is the remainder when y(-2) is divided by 3?
2
Let f = 31 - -14. Let c(r) = -2 + 4 + r**2 - 10 + 5*r. What is the remainder when f is divided by c(-8)?
13
Let g(l) = -6 - 4*l - 3*l + 0*l. What is the remainder when 30 is divided by g(-2)?
6
Suppose -5306 + 2046 = -5*k - 3*q, -4*k = -3*q - 2635. Calculate the remainder when k is divided by 22.
17
Let r = -906 - -937. What is the remainder when 75 is divided by r?
13
Let j(w) = w**2 + 4*w + 5. Let h be j(-3). Suppose -4*g + 168 = h*x - g, -2*x + 3*g + 156 = 0. Calculate the remainder when x is divided by 14.
11
Let q(t) = -37*t**3 - 2*t**2 + 1. Let v be q(-1). Suppose -4*h + 4 = m + 1, -4*m + v = 4*h. Let x(l) = l - 4. Calculate the remainder when x(m) is divided by 4.
3
Suppose 2*w = -4*b - w - 237, -3*b = -4*w + 159. Calculate the remainder when ((-5)/15)/(1/b) is divided by 10.
9
Let o = -26 + 72. Suppose 0 = -55*d + 67*d - 144. Calculate the remainder when o is divided by d.
10
Let u = 705 - 613. What is the remainder when 161 is divided by u?
69
Suppose 3*i + 2*w + 26 = 0, 5*i + 32 + 18 = -5*w. What is the remainder when 42 is divided by 340/32 - i/16?
9
Let o(h) = 5*h - 18. Calculate the remainder when 296 is divided by o(6).
8
Suppose 6*a = 3*a + 228. Calculate the remainder when ((-9)/(-6))/(2/a) is divided by 90/8*(-588)/(-441).
12
Let h(k) = k**2 + k - 2. Let x be h(2). Suppose 0 = x*d - 19 - 5. What is the remainder when 29 is divided by d?
5
Suppose -27*b + 2668 = 76. What is the remainder when 1822 is divided by b?
94
Suppose 0 = 12*n - 568 + 76. What is the remainder when n is divided by 2?
1
Calculate the remainder when 190 is divided by 15*13/12*4.
60
What is the remainder when -2*-5*294/12 is divided by 41?
40
Suppose -s + 143 = -t - 134, -5*s + 1406 = 2*t. Suppose 85 = -5*i + s. Calculate the remainder when i is divided by 10.
9
Let t be 4/(-10) - (-36)/15. Suppose -4*j - w + 2*w + 293 = 0, -t*j = -w - 145. What is the remainder when j is divided by (459/(-36) + 14)*1*20?
24
Let v be 1/(-3) + ((-196)/(-12) - -2). Let f(l) = -2*l - 15 + 15*l + l**3 + 6*l - 19*l**2. Calculate the remainder when 7 is divided by f(v).
1
Let q(f) = -3*f + 28. Let b be q(10). What is the remainder when (-2)/(b*(-2)/46*-1) is divided by 5?
3
Let f(b) = b + 5. Suppose 3*m - 245 = 10*m. Let j = m - -44. What is the remainder when j is divided by f(0)?
4
Let z(j) = j**3 - 2*j**2 - 15*j - 16. Let o be z(-11). Calculate the remainder when 31 is divided by 4/(-22) - o/88.
15
Suppose -316*b + 334*b = 324. Calculate the remainder when 2554 is divided by b.
16
Let s(u) = u**3 + 9*u**2 + 9*u - 8. Suppose 2*f - 16 = -l, -2*f + 5*l = -0*f - 40. Calculate the remainder when s(-6) is divided by f.
6
Suppose -3*o = -2*o - 46. What is the remainder when 124 is divided by o?
32
Let y be (-2 + (-8)/(-3))/(40/300). Suppose -y*p - 5*u + 92 = 2, 2*p + 5*u = 30. What is the remainder when p is divided by 11?
9
Let n(u) = -u**2 - 15*u - 24. Let o be n(-13). Suppose -26 = -o*r + c, 4*r - 56 = -0*r + 3*c. What is the remainder when 42 is divided by r?
9
Let m(x) = -21*x - 1 - 12*x + 11 + 16*x - 18*x**2 - x**3. Calculate the remainder when 39 is divided by m(-17).
9
Let j be ((-5)/((-50)/(-4)))/(3/(-435)). What is the remainder when 22 is divided by (-2)/7 - j/(-7)?
6
Calculate the remainder when 37 is divided by (-15)/18 + 2485/210.
4
Let x = -23 - -33. Suppose 16*c + 196 = 20*c. What is the remainder when c is divided by x?
9
Suppose -3*i - i = -4*b, 5*i - 3*b + 6 = 0. Let x be (2 - (2 + -1)) + i. Calculate the remainder when ((-1)/(-3))/(x/(-114)) is divided by 5.
4
Suppose 6*i - 132 = 300. Calculate the remainder when i is divided by 148/10 + (-3)/(-15).
12
Let r = 44 - 42. Suppose -s + r*s = 11. Calculate the remainder when s is divided by 8.
3
Let n(a) = -5*a + 198. What is the remainder when n(27) is divided by 38?
25
Calculate the remainder when 245 is d